{"id":3,"date":"2020-11-25T10:49:42","date_gmt":"2020-11-25T10:49:42","guid":{"rendered":"https:\/\/gesa-schwartz.de\/?page_id=3"},"modified":"2025-04-09T18:56:11","modified_gmt":"2025-04-09T17:56:11","slug":"impressum","status":"publish","type":"page","link":"https:\/\/gesa-schwartz.de\/mystaging01\/impressum\/","title":{"rendered":"Impressum"},"content":{"rendered":"\t\t<div data-elementor-type=\"wp-page\" data-elementor-id=\"3\" class=\"elementor elementor-3\" data-elementor-post-type=\"page\">\n\t\t\t\t<div class=\"elementor-element elementor-element-bae2d7c e-flex e-con-boxed e-con e-parent\" data-id=\"bae2d7c\" data-element_type=\"container\" data-e-type=\"container\">\n\t\t\t\t\t<div class=\"e-con-inner\">\n\t\t<div class=\"elementor-element elementor-element-a775d58 e-flex e-con-boxed e-con e-child\" data-id=\"a775d58\" data-element_type=\"container\" data-e-type=\"container\">\n\t\t\t\t\t<div class=\"e-con-inner\">\n\t\t\t\t<div class=\"elementor-element elementor-element-c012a9b elementor-widget elementor-widget-heading\" data-id=\"c012a9b\" data-element_type=\"widget\" data-e-type=\"widget\" data-widget_type=\"heading.default\">\n\t\t\t\t<div class=\"elementor-widget-container\">\n\t\t\t\t\t<h2 class=\"elementor-heading-title elementor-size-default\">Impressum<\/h2>\t\t\t\t<\/div>\n\t\t\t\t<\/div>\n\t\t\t\t<div class=\"elementor-element elementor-element-00048cc elementor-widget elementor-widget-text-editor\" data-id=\"00048cc\" data-element_type=\"widget\" data-e-type=\"widget\" data-widget_type=\"text-editor.default\">\n\t\t\t\t<div class=\"elementor-widget-container\">\n\t\t\t\t\t\t\t\t\t<p>Gesa Schwartz<br \/>c\/o AVA international GmbH<br \/>Autoren- und Verlagsagentur<br \/>Hohenzollernstr. 38 Rgb<br \/>D-80801 M\u00fcnchen<\/p><p>Kontakt:<br \/>Tel: +49 (89) 45209 220-0<br \/>Fax: +49 (89) 45209 220-9<br \/><a href=\"http:\/\/www.ava-international.de\/\" target=\"_blank\" rel=\"noopener noreferrer\">www.ava-international.de<\/a><br \/>Sitz der Gesellschaft: D-80801 M\u00fcnchen \u2022 Registergericht M\u00fcnchen HRB 140645 \u2022 Gesch\u00e4ftsleitung: Roman Hocke<\/p><p>email: kontakt<span class=\"kursiv bold\">\u00a0AT\u00a0<\/span>gesa-schwartz.de<\/p><p>Verantwortlich f\u00fcr den Inhalt nach \u00a7 55 Abs. 2 RStV: Gesa Schwartz<\/p><h3>Haftungsausschluss \/ Disclaimer:<\/h3><p><strong>Haftung f\u00fcr Inhalte<\/strong><\/p><p>Die Inhalte unserer Seiten wurden mit gr\u00f6\u00dfter Sorgfalt erstellt. F\u00fcr die Richtigkeit, Vollst\u00e4ndigkeit und Aktualit\u00e4t der Inhalte k\u00f6nnen wir jedoch keine Gew\u00e4hr \u00fcbernehmen. Als Diensteanbieter sind wir gem\u00e4\u00df \u00a7 7 Abs.1 TMG f\u00fcr eigene Inhalte auf diesen Seiten nach den allgemeinen Gesetzen verantwortlich. Nach \u00a7\u00a7 8 bis 10 TMG sind wir als Diensteanbieter jedoch nicht verpflichtet, \u00fcbermittelte oder gespeicherte fremde Informationen zu \u00fcberwachen oder nach Umst\u00e4nden zu forschen, die auf eine rechtswidrige T\u00e4tigkeit hinweisen. Verpflichtungen zur Entfernung oder Sperrung der Nutzung von Informationen nach den allgemeinen Gesetzen bleiben hiervon unber\u00fchrt. Eine diesbez\u00fcgliche Haftung ist jedoch erst ab dem Zeitpunkt der Kenntnis einer konkreten Rechtsverletzung m\u00f6glich. Bei Bekanntwerden von entsprechenden Rechtsverletzungen werden wir diese Inhalte umgehend entfernen.<\/p><p><strong>Haftung f\u00fcr Links<\/strong><\/p><p>Unser Angebot enth\u00e4lt Links zu externen Webseiten Dritter, auf deren Inhalte wir keinen Einfluss haben. Deshalb k\u00f6nnen wir f\u00fcr diese fremden Inhalte auch keine Gew\u00e4hr \u00fcbernehmen. F\u00fcr die Inhalte der verlinkten Seiten ist stets der jeweilige Anbieter oder Betreiber der Seiten verantwortlich. Die verlinkten Seiten wurden zum Zeitpunkt der Verlinkung auf m\u00f6gliche Rechtsverst\u00f6\u00dfe \u00fcberpr\u00fcft. Rechtswidrige Inhalte waren zum Zeitpunkt der Verlinkung nicht erkennbar. Eine permanente inhaltliche Kontrolle der verlinkten Seiten ist jedoch ohne konkrete Anhaltspunkte einer Rechtsverletzung nicht zumutbar. Bei Bekanntwerden von Rechtsverletzungen werden wir derartige Links umgehend entfernen.<\/p><p><strong>Urheberrecht<\/strong><\/p><p>Die durch die Seitenbetreiber erstellten Inhalte und Werke auf diesen Seiten unterliegen dem deutschen Urheberrecht. Die Vervielf\u00e4ltigung, Bearbeitung, Verbreitung und jede Art der Verwertung au\u00dferhalb der Grenzen des Urheberrechtes bed\u00fcrfen der schriftlichen Zustimmung des jeweiligen Autors bzw. Erstellers. Downloads und Kopien dieser Seite sind nur f\u00fcr den privaten, nicht kommerziellen Gebrauch gestattet. Soweit die Inhalte auf dieser Seite nicht vom Betreiber erstellt wurden, werden die Urheberrechte Dritter beachtet. Insbesondere werden Inhalte Dritter als solche gekennzeichnet. Sollten Sie trotzdem auf eine Urheberrechtsverletzung aufmerksam werden, bitten wir um einen entsprechenden Hinweis. Bei Bekanntwerden von Rechtsverletzungen werden wir derartige Inhalte umgehend entfernen.<\/p><p>Quelle:\u00a0<i>erstellt mit dem\u00a0<a href=\"http:\/\/www.e-recht24.de\/impressum-generator.html\" target=\"_blank\" rel=\"noopener noreferrer\">Impressum-Generator<\/a>\u00a0von eRecht24.<\/i><\/p><h3>FaceBook Disclaimer<\/h3><p><strong>\u00a7 1 Geltungsbereich dieses Disclaimers<\/strong><\/p><p>F\u00fcr die Nutzung dieser Facebook-Fanpage gelten zwischen dem Nutzer und dem Betreiber der Fanpage (nachfolgend &#8222;Anbieter&#8220; genannt) die folgenden Nutzungsbedingungen. Die Nutzung ist nur zul\u00e4ssig, wenn Sie als Nutzer diese Nutzungsbedingungen akzeptieren.<\/p><p><strong>\u00a7 2 Haftungshinweise zu Inhalten auf unserer Facebook-Fanpage<\/strong><\/p><p>Die Inhalte dieser Facebook-Fanpage werden mit gr\u00f6\u00dftm\u00f6glicher Sorgfalt erstellt. Der Anbieter \u00fcbernimmt jedoch keine Gew\u00e4hr f\u00fcr die Richtigkeit, Vollst\u00e4ndigkeit und Aktualit\u00e4t der bereitgestellten Inhalte. Die Nutzung der Inhalte der Facebook-Fanpage erfolgt auf eigene Gefahr des Nutzers. Namentlich gekennzeichnete Beitr\u00e4ge geben die Meinung des jeweiligen Autors und nicht immer die Meinung des Anbieters wieder.<\/p><p><strong>\u00a7 3 Externe Links auf unserer Facebook-Fanpage<\/strong><\/p><p>Diese Facebook-Fanpage enth\u00e4lt Verkn\u00fcpfungen zu Websites Dritter (&#8222;externe Links&#8220;). Diese Websites unterliegen der Haftung der jeweiligen Betreiber. Der Anbieter hat bei der erstmaligen Verkn\u00fcpfung der externen Links die fremden Inhalte daraufhin \u00fcberpr\u00fcft, ob etwaige Rechtsverst\u00f6\u00dfe bestehen. Zu dem Zeitpunkt waren keine Rechtsverst\u00f6\u00dfe ersichtlich. Der Anbieter hat keinerlei Einfluss auf die aktuelle und zuk\u00fcnftige Gestaltung und auf die Inhalte der verkn\u00fcpften Seiten. Das Setzen von externen Links bedeutet nicht, dass sich der Anbieter die hinter dem Verweis oder Link liegenden Inhalte zu eigen macht. Eine st\u00e4ndige Kontrolle der externen Links ist f\u00fcr den Anbieter ohne konkrete Hinweise auf Rechtsverst\u00f6\u00dfe nicht zumutbar. Bei Kenntnis von Rechtsverst\u00f6\u00dfen werden jedoch derartige externe Links unverz\u00fcglich gel\u00f6scht.<\/p><p><strong>\u00a7 4 Pflichten als Nutzer unserer Facebook-Fanpage<\/strong><\/p><p>(1) Als Nutzer verpflichten Sie sich, dass Sie keine Beitr\u00e4ge \/ Kommentare auf meiner Facebook-Fanpage ver\u00f6ffentlichen werden, die gegen diese Regeln, die guten Sitten oder sonst gegen geltendes deutsches Recht versto\u00dfen. Es ist Ihnen insbesondere untersagt, beleidigende oder unwahre Inhalte zu ver\u00f6ffentlichen; gesetzlich, insbesondere durch das Urheber- und Markenrecht, gesch\u00fctzte Inhalte ohne Berechtigung zu verwenden; wettbewerbswidrige Handlungen vorzunehmen; Werbung auf der Facebook-Fanpage ohne ausdr\u00fcckliche schriftliche Genehmigung durch den Anbieter zu betreiben. Dies gilt auch f\u00fcr sog. Schleichwerbung wie insbesondere das Verlinken der eigenen Fanpage oder Webseite mit oder ohne Beitext in Kommentaren oder innerhalb von Beitr\u00e4gen.<\/p><p>(2) Der Anbieter hat das Recht, Beitr\u00e4ge und Kommentare zu l\u00f6schen, wenn diese einen Rechtsversto\u00df enthalten k\u00f6nnten.<\/p><p>(3) Als Nutzer verpflichten Sie sich, vor der Ver\u00f6ffentlichung Ihrer Beitr\u00e4ge und Kommentare diese daraufhin zu \u00fcberpr\u00fcfen, ob diese Angaben enthalten, die Sie nicht ver\u00f6ffentlichen m\u00f6chten. Ihre Beitr\u00e4ge und Themen k\u00f6nnen in Suchmaschinen erfasst und damit weltweit zugreifbar werden. Ein Anspruch auf L\u00f6schung oder Korrektur solcher Suchmaschineneintr\u00e4ge gegen\u00fcber dem Anbieter ist ausgeschlossen.<\/p><p>(4) Sollten Dritte oder andere Nutzer den Anbieter wegen m\u00f6glicher Rechtsverst\u00f6\u00dfe in Anspruch nehmen, die a) aus den von Ihnen als Nutzer eingestellten Inhalten auf der Facebook-Fanpage resultieren und\/oder b) aus der Nutzung der Fanpage des Anbieters durch Sie als Nutzer entstehen, verpflichten Sie sich als Nutzer, den Anbieter von jeglichen Anspr\u00fcchen, einschlie\u00dflich Schadensersatzanspr\u00fcchen, freizustellen und dem Anbieter die Kosten zu ersetzen, die diesem wegen der m\u00f6glichen Rechtsverletzung entstehen. Der Anbieter wird insbesondere von den Kosten der notwendigen Rechtsverteidigung freigestellt. Der Anbieter ist berechtigt, hierf\u00fcr von Ihnen als Nutzer einen angemessenen Vorschuss zu fordern. Als Nutzer sind Sie verpflichtet, den Anbieter nach Treu und Glauben mit Informationen und Unterlagen bei der Rechtsverteidigung gegen\u00fcber Dritten zu unterst\u00fctzen. Alle weitergehenden Rechte sowie Schadensersatzanspr\u00fcche des Anbieters bleiben unber\u00fchrt. Wenn Sie als Nutzer die m\u00f6gliche Rechtsverletzung nicht zu vertreten haben, bestehen die zuvor genannten Pflichten nicht.<\/p><p><strong>\u00a7 5 Urheber- und Leistungsschutzrechte<\/strong><\/p><p>(1) Die auf dieser Facebook-Fanpage ver\u00f6ffentlichten Inhalte unterliegen dem deutschen Urheber- und Leistungsschutzrecht. Jede vom deutschen Urheber- und Leistungsschutzrecht nicht zugelassene Verwertung bedarf der vorherigen schriftlichen Zustimmung des Anbieters oder jeweiligen Rechteinhabers. Dies gilt insbesondere f\u00fcr Vervielf\u00e4ltigung, Bearbeitung, \u00dcbersetzung, Einspeicherung, Verarbeitung bzw. Wiedergabe von Inhalten in Datenbanken oder anderen elektronischen Medien und Systemen. Inhalte und Rechte Dritter sind dabei als solche gekennzeichnet. Die unerlaubte Vervielf\u00e4ltigung oder Weitergabe einzelner Inhalte oder kompletter Seiten ist nicht gestattet und strafbar. Lediglich die Herstellung von Kopien und Downloads f\u00fcr den pers\u00f6nlichen, privaten und nicht kommerziellen Gebrauch ist erlaubt.<\/p><p>(2) Die Darstellung dieser Website in fremden Frames ist nur mit schriftlicher Erlaubnis zul\u00e4ssig.<\/p><p><strong>\u00a7 6 Datenschutz auf Facebook \/ beim \u201eGef\u00e4llt mir\u201c-Button<\/strong><\/p><p>(1) Der Anbieter dieser Facebook-Fanpage nutzt Plugins des Anbieters Facebook.com, welche durch das Unternehmen Facebook Inc., 1601 S. California Avenue, Palo Alto, CA 94304 in den USA bereitgestellt werden. Nutzer meiner Webseite, auf der das Facebook-Plugin installiert ist, werden hiermit darauf hingewiesen, dass durch das Plugin eine Verbindung zu Facebook aufgebaut wird, wodurch eine \u00dcbermittlung an Ihren Browser durchgef\u00fchrt wird, damit das Plugin auf der Webseite erscheint.<\/p><p>(2) Des Weiteren werden durch die Nutzung Daten an die Facebook-Server weitergeleitet, welche Informationen \u00fcber Ihre Webseitenbesuche auf unserer Homepage enthalten. Dies hat f\u00fcr eingeloggte Facebook-Nutzer zur Folge, dass die Nutzungsdaten ihrem pers\u00f6nlichen Facebook-Account zugeordnet werden. Sobald Sie als eingeloggter Facebook-Nutzer aktiv das Facebook-Plugin nutzen (z.B. durch das Klicken auf den \u201eGef\u00e4llt mir\u201c Knopf oder die Nutzung der Kommentarfunktion), werden diese Daten zu Ihrem Facebook-Account \u00fcbertragen und ver\u00f6ffentlicht. Dies k\u00f6nnen Sie nur durch vorheriges Ausloggen aus Ihrem Facebook-Account umgehen.<\/p><p>(3) Es ist mir nicht genau bekannt, welche Daten Facebook speichert und nutzt. Sie m\u00fcssen als Nutzer der Fanpage daher damit rechnen, dass Facebook auch Ihre Aktionen auf der Fanpage l\u00fcckenlos speichert.<\/p><p>(4) Facebook erh\u00e4lt durch den Klick auf den \u201eGef\u00e4llt mir\u201c \u2013 Button Ihre IP-Adresse, Prozessortyp und Browserversion. \u00dcber Ihre IP-Adresse k\u00f6nnte Facebook zusammen mit anderen Daten sowie Ihrem Realnamen, wenn Sie diesen bei Ihrem Facebook-Profil angegeben haben, Ihre Identit\u00e4t und Gewohnheiten unter diesem Profil ermitteln. Wenn Sie sich immer \u00fcber dieses Nutzerprofil bei Facebook einloggen, k\u00f6nnte Facebook insbesondere Ihre Vorlieben, Kontakte und Lebensweise herausfinden.<\/p><p><strong>\u00a7 7 Sonstige Regelungen<\/strong><\/p><p>(1) Im \u00dcbrigen gelten die Allgemeinen Nutzungsbedingungen der Facebook Ireland Limited, Hanover Reach, 5-7 Hanover Quay, Dublin 2, Ireland unter https:\/\/www.facebook.com\/terms.php<\/p><p>(2) Hinsichtlich des Datenschutzes auf Facebook beachten Sie bitte die folgenden Datenschutzhinweise der Facebook Ireland Limited: https:\/\/www.facebook.com\/about\/privacy\/<\/p><p>Quelle: Kostenloser Facebook-Fanpage &#8211; Disclaimer von www.JuraForum.de<\/p><p><!-- \/wp:heading --><\/p>\t\t\t\t\t\t\t\t<\/div>\n\t\t\t\t<\/div>\n\t\t\t\t\t<\/div>\n\t\t\t\t<\/div>\n\t\t\t\t\t<\/div>\n\t\t\t\t<\/div>\n\t\t\t\t<\/div>\n\t\t","protected":false},"excerpt":{"rendered":"<p>Impressum Gesa Schwartzc\/o AVA international GmbHAutoren- und VerlagsagenturHohenzollernstr. 38 RgbD-80801 M\u00fcnchen Kontakt:Tel: +49 (89) 45209 220-0Fax: +49 (89) 45209 220-9www.ava-international.deSitz der Gesellschaft: D-80801 M\u00fcnchen \u2022 Registergericht M\u00fcnchen HRB 140645 \u2022 Gesch\u00e4ftsleitung: Roman Hocke email: kontakt\u00a0AT\u00a0gesa-schwartz.de Verantwortlich f\u00fcr den Inhalt nach \u00a7 55 Abs. 2 RStV: Gesa Schwartz Haftungsausschluss \/ Disclaimer: Haftung f\u00fcr Inhalte Die Inhalte [&hellip;]<\/p>\n","protected":false},"author":2,"featured_media":0,"parent":0,"menu_order":0,"comment_status":"closed","ping_status":"open","template":"","meta":{"_acf_changed":false,"site-sidebar-layout":"default","site-content-layout":"default","ast-site-content-layout":"default","site-content-style":"default","site-sidebar-style":"default","ast-global-header-display":"","ast-banner-title-visibility":"","ast-main-header-display":"","ast-hfb-above-header-display":"","ast-hfb-below-header-display":"","ast-hfb-mobile-header-display":"","site-post-title":"disabled","ast-breadcrumbs-content":"","ast-featured-img":"","footer-sml-layout":"","theme-transparent-header-meta":"default","adv-header-id-meta":"","stick-header-meta":"","header-above-stick-meta":"","header-main-stick-meta":"","header-below-stick-meta":"","astra-migrate-meta-layouts":"set","ast-page-background-enabled":"default","ast-page-background-meta":{"desktop":{"background-color":"","background-image":"","background-repeat":"repeat","background-position":"center center","background-size":"auto","background-attachment":"scroll","background-type":"","background-media":"","overlay-type":"","overlay-color":"","overlay-opacity":"","overlay-gradient":""},"tablet":{"background-color":"","background-image":"","background-repeat":"repeat","background-position":"center center","background-size":"auto","background-attachment":"scroll","background-type":"","background-media":"","overlay-type":"","overlay-color":"","overlay-opacity":"","overlay-gradient":""},"mobile":{"background-color":"","background-image":"","background-repeat":"repeat","background-position":"center center","background-size":"auto","background-attachment":"scroll","background-type":"","background-media":"","overlay-type":"","overlay-color":"","overlay-opacity":"","overlay-gradient":""}},"ast-content-background-meta":{"desktop":{"background-color":"var(--ast-global-color-5)","background-image":"","background-repeat":"repeat","background-position":"center center","background-size":"auto","background-attachment":"scroll","background-type":"","background-media":"","overlay-type":"","overlay-color":"","overlay-opacity":"","overlay-gradient":""},"tablet":{"background-color":"var(--ast-global-color-5)","background-image":"","background-repeat":"repeat","background-position":"center center","background-size":"auto","background-attachment":"scroll","background-type":"","background-media":"","overlay-type":"","overlay-color":"","overlay-opacity":"","overlay-gradient":""},"mobile":{"background-color":"var(--ast-global-color-5)","background-image":"","background-repeat":"repeat","background-position":"center center","background-size":"auto","background-attachment":"scroll","background-type":"","background-media":"","overlay-type":"","overlay-color":"","overlay-opacity":"","overlay-gradient":""}},"footnotes":""},"class_list":["post-3","page","type-page","status-publish","hentry"],"acf":[],"_links":{"self":[{"href":"https:\/\/gesa-schwartz.de\/mystaging01\/wp-json\/wp\/v2\/pages\/3","targetHints":{"allow":["GET"]}}],"collection":[{"href":"https:\/\/gesa-schwartz.de\/mystaging01\/wp-json\/wp\/v2\/pages"}],"about":[{"href":"https:\/\/gesa-schwartz.de\/mystaging01\/wp-json\/wp\/v2\/types\/page"}],"author":[{"embeddable":true,"href":"https:\/\/gesa-schwartz.de\/mystaging01\/wp-json\/wp\/v2\/users\/2"}],"replies":[{"embeddable":true,"href":"https:\/\/gesa-schwartz.de\/mystaging01\/wp-json\/wp\/v2\/comments?post=3"}],"version-history":[{"count":0,"href":"https:\/\/gesa-schwartz.de\/mystaging01\/wp-json\/wp\/v2\/pages\/3\/revisions"}],"wp:attachment":[{"href":"https:\/\/gesa-schwartz.de\/mystaging01\/wp-json\/wp\/v2\/media?parent=3"}],"curies":[{"name":"wp","href":"https:\/\/api.w.org\/{rel}","templated":true}]}}